of 2146 and 2294?
74
What is the greatest common factor of 580 and 30?
10
What is the highest common factor of 24 and 1272?
24
Calculate the highest common divisor of 108 and 5022.
54
Calculate the highest common factor of 114 and 1482.
114
What is the greatest common factor of 490 and 90?
10
What is the highest common divisor of 7256 and 88?
8
What is the highest common factor of 2128 and 133?
133
What is the highest common divisor of 63 and 18?
9
What is the highest common divisor of 2407 and 232?
29
What is the greatest common factor of 774 and 4773?
129
What is the greatest common factor of 22687 and 147?
49
Calculate the highest common factor of 102 and 272.
34
What is the greatest common divisor of 42 and 4326?
42
Calculate the greatest common divisor of 4 and 44.
4
Calculate the greatest common factor of 64 and 3232.
32
Calculate the greatest common divisor of 15 and 213.
3
Calculate the greatest common factor of 148 and 407.
37
Calculate the greatest common divisor of 715 and 572.
143
Calculate the greatest common divisor of 76 and 76.
76
Calculate the greatest common factor of 8 and 400.
8
What is the highest common divisor of 8 and 664?
8
What is the greatest common factor of 60 and 125?
5
Calculate the highest common divisor of 135 and 530.
5
Calculate the highest common factor of 660 and 20240.
220
Calculate the greatest common factor of 91 and 273.
91
What is the highest common divisor of 22 and 21494?
22
Calculate the highest common divisor of 999 and 37.
37
What is the greatest common factor of 84 and 840?
84
Calculate the greatest common factor of 2262 and 234.
78
What is the highest common divisor of 25872 and 64?
16
What is the highest common factor of 234 and 312?
78
Calculate the greatest common factor of 90 and 3870.
90
What is the greatest common factor of 69 and 2231?
23
What is the greatest common factor of 30 and 1170?
30
Calculate the greatest common factor of 6107 and 248.
31
Calculate the greatest common divisor of 1017 and 36.
9
Calculate the highest common factor of 602 and 14.
14
What is the highest common factor of 46 and 29509?
23
What is the highest common factor of 24 and 24?
24
Calculate the highest common factor of 82 and 11808.
82
Calculate the greatest common divisor of 171 and 6327.
171
Calculate the greatest common factor of 3549 and 42.
21
Calculate the highest common factor of 36 and 180.
36
What is the greatest common divisor of 444 and 78?
6
Calculate the highest common factor of 4392 and 9.
9
Calculate the greatest common factor of 12 and 28.
4
Calculate the highest common factor of 492 and 3096.
12
Calculate the highest common factor of 189 and 513.
27
What is the greatest common divisor of 22 and 19316?
22
What is the highest common factor of 7 and 623?
7
What is the highest common divisor of 319 and 22?
11
What is the greatest common factor of 58 and 4321?
29
What is the greatest common factor of 12 and 3372?
12
What is the greatest common divisor of 405 and 75?
15
What is the greatest common divisor of 59 and 1?
1
What is the greatest common divisor of 55 and 55?
55
Calculate the highest common divisor of 88 and 252.
4
What is the greatest common divisor of 224 and 168?
56
Calculate the greatest common factor of 38 and 1026.
38
Calculate the greatest common factor of 5 and 355.
5
What is the greatest common factor of 23 and 1173?
23
What is the greatest common divisor of 104 and 1443?
13
What is the highest common factor of 37 and 40589?
37
What is the greatest common divisor of 10875 and 225?
75
What is the highest common divisor of 69 and 69?
69
Calculate the highest common factor of 418 and 76.
38
Calculate the greatest common factor of 73 and 2117.
73
Calculate the greatest common factor of 60 and 1920.
60
Calculate the greatest common divisor of 150 and 650.
50
What is the greatest common divisor of 29 and 7801?
29
Calculate the highest common divisor of 30 and 54.
6
What is the greatest common factor of 2672 and 48?
16
Calculate the greatest common divisor of 9 and 12.
3
What is the highest common factor of 10 and 16?
2
Calculate the highest common divisor of 133 and 152.
19
What is the highest common factor of 72 and 198?
18
Calculate the greatest common divisor of 11811 and 254.
127
What is the highest common divisor of 4 and 17?
1
What is the greatest common divisor of 6 and 82?
2
Calculate the greatest common factor of 250 and 150.
50
What is the highest common factor of 520 and 2977?
13
What is the greatest common divisor of 24 and 856?
8
What is the greatest common factor of 256 and 48?
16
Calculate the greatest common factor of 63 and 7.
7
What is the greatest common divisor of 371 and 583?
53
Calculate the greatest common divisor of 418 and 2266.
22
Calculate the highest common divisor of 4228 and 196.
28
What is the greatest common divisor of 29 and 261?
29
What is the highest common divisor of 16 and 8088?
8
Calculate the greatest common divisor of 2727 and 1111.
101
Calculate the highest common factor of 18 and 306.
18
What is the highest common divisor of 1334 and 812?
58
What is the greatest common factor of 1140 and 600?
60
Calculate the highest common factor of 1520 and 64.
16
Calculate the highest common factor of 19 and 118.
1
Calculate the highest common factor of 16 and 6.
2
Calculate the greatest common divisor of 140 and 728.
28
What is the highest common divisor of 754 and 986?
58
Calculate the greatest common factor of 35 and 295.
5
What is the greatest common factor of 32 and 6896?
16
What is the greatest common divisor of 80 and 260?
20
Calculate the greatest common factor of 12 and 868.
4
What is the greatest common factor of 34 and 2482?
34
Calculate the greatest common factor of 1 and 16.
1
What is the greatest common divisor of 3427 and 253?
23
What is the highest common factor of 4 and 4122?
2
Calculate the highest common factor of 12 and 2130.
6
What is the greatest common factor of 448 and 3264?
64
Calculate the greatest common factor of 304 and 19.
19
Calculate the highest common divisor of 7 and 427.
7
What is the greatest common factor of 42 and 1106?
14
Calculate the greatest common divisor of 486 and 4050.
162
Calculate the greatest common divisor of 148 and 1073.
37
What is the greatest common divisor of 56 and 1946?
14
Calculate the greatest common divisor of 7 and 189.
7
Calculate the highest common divisor of 8 and 61.
1
What is the highest common factor of 110 and 4770?
10
Calculate the highest common factor of 298 and 46.
2
Calculate the greatest common divisor of 720 and 1120.
80
Calculate the greatest common factor of 304 and 16.
16
Calculate the greatest common factor of 73 and 146.
73
What is the greatest common factor of 3534 and 62?
62
Calculate the greatest common factor of 323 and 1411.
17
What is the greatest common divisor of 704 and 12?
4
Calculate the highest common divisor of 387 and 9.
9
What is the highest common factor of 60 and 300?
60
What is the greatest common factor of 4565 and 55?
55
What is the highest common divisor of 39 and 650?
13
What is the greatest common divisor of 608 and 2272?
32
Calculate the greatest common divisor of 30 and 285.
15
Calculate the highest common factor of 35 and 399.
7
What is the greatest common divisor of 3006 and 18?
18
Calculate the highest common factor of 6035 and 85.
85
Calculate the greatest common divisor of 392 and 56.
56
What is the greatest common factor of 712 and 89?
89
What is the highest common divisor of 16 and 496?
16
Calculate the highest common divisor of 80 and 80.
80
What is the highest common divisor of 43 and 559?
43
What is the greatest common factor of 2646 and 252?
126
What is the greatest common divisor of 320 and 240?
80
What is the greatest common factor of 4378 and 22?
22
What is the highest common factor of 3584 and 7?
7
Calculate the highest common factor of 25377 and 33.
33
Calculate the highest common divisor of 25 and 45.
5
Calculate the greatest common factor of 80 and 1010.
10
Calculate the greatest common divisor of 74 and 2146.
74
Calculate the highest common divisor of 1776 and 144.
48
Calculate the highest common factor of 252 and 162.
18
What is the highest common factor of 246 and 30?
6
What is the greatest common factor of 219 and 146?
73
What is 